64 - -468. Suppose -m*f + 42830 = 6*f. Is f a prime number?
True
Let n(k) = -k**2 + 4*k - 4. Let p be n(3). Is 92946/14*p/(-3) prime?
True
Suppose 5*s - 508966 = 3*x, -s - 2*x + 146476 = 44675. Is s prime?
False
Let b = -362 - -367. Suppose -b*j - 22563 + 83278 = 0. Is j composite?
False
Let l(o) = -19*o + 27. Let q be l(9). Is 3*((-207192)/q + (-1)/(-6)) a composite number?
True
Suppose -t - 466*q + 467*q = -236232, -2*t + 4*q = -472454. Is t composite?
True
Let p(f) = -953*f + 29. Let u be p(-5). Let t = 9949 - u. Is t prime?
False
Let v(p) be the third derivative of -2*p**2 + 0*p + 131/6*p**4 - 3/2*p**3 + 5. Is v(7) a composite number?
False
Let b(p) = p**3 - 17*p**2 - 3*p + 25. Let h = 14 - -10. Is b(h) prime?
False
Let a(l) = -128093*l - 731. Is a(-6) a composite number?
False
Let y(q) = 1336*q + 84. Let f be y(1). Let n be (19/4)/((-2)/(-8)). Suppose f = 23*w - n*w. Is w composite?
True
Let f be (0/(1 + -4))/2. Suppose f = 3*a - 6*s + 2*s - 2187, a - s = 730. Suppose -o + 2*o - a = 0. Is o prime?
True
Let b(c) = 4*c**2 + 30*c + 85. Let v be (4 - (-9)/(-3))*(-27 - -4). Is b(v) a prime number?
True
Let g(u) = 8*u + 6. Let l be g(10). Suppose 2*t - 22 = -p - 6, -l = -5*p - 4*t. Is (-2*1)/(p/(-8757)) a prime number?
False
Let n(o) = -87*o - 23. Let q(i) = 12*i - 78. Let l be q(5). Is n(l) composite?
False
Is 6705455/2*(39/(-156))/(15/(-24)) composite?
True
Let i = -121718 + 209587. Is i prime?
True
Suppose -5*m - 11*t = -6*t - 171305, -t = -5*m + 171305. Suppose 3*i = -5*b + 42806, 0*b - 3*i - m = -4*b. Is b prime?
True
Let q(u) = u - 635. Let a be q(0). Let b = -223 - a. Let s = b - 35. Is s a prime number?
False
Let t be (-5 + (1 - 4) + 4)/(-2). Suppose 1285 + 3057 = 2*m + 4*k, -5*k + 4347 = t*m. Is m a composite number?
False
Let j = 52 - 54. Let p be 1/j - -1 - 42/28. Is p + ((-174)/(-9)*129 - -2) prime?
False
Let r = -10 + 34. Suppose 1077 + r = f. Suppose -1048 - f = -h. Is h a composite number?
True
Suppose 214 - 199 = 3*m. Is m/5 + -6 - -5408 prime?
False
Suppose 0 = -5*t + 5*f + 720, 10*t - 720 = 5*t + 4*f. Suppose 166*h = t*h + 76054. Is h composite?
False
Let v = -543 + 930. Suppose 482 = 11*m - v. Is m a composite number?
False
Let h = 168982 + -105981. Is h a composite number?
True
Let d = 52 + -52. Suppose d = -4*k + 12 + 36. Is 5706/108 - (-2)/k a prime number?
True
Suppose -68 = -10*t - 28. Suppose 14*m - 18*m = -2*v - 628, -t*m + 628 = 5*v. Is m a composite number?
False
Suppose 5*p = -2*c + 51, -4*c = 11*p - 7*p - 48. Suppose p*d = 376405 - 146590. Is d a composite number?
True
Suppose -24 = -11*b + 7*b. Suppose j = b*j - 2255. Let f = j + 182. Is f a composite number?
True
Let k be 3/9 + 17682/9. Suppose 3*f = 4*g - 731 - k, -5*g - 5*f + 3370 = 0. Is g prime?
False
Let x(g) = 53*g**2 - 72*g + 231. Let r(b) = -55*b**2 + 73*b - 233. Let c(d) = 6*r(d) + 7*x(d). Is c(36) composite?
True
Suppose 19*z = 492984 + 281057. Is z composite?
False
Suppose -4*j = 3*a + 18, a - 4 = 4*j + 6. Let s be -1 - a - (-5 - -2). Is (-4 + (-2038)/s)*-2 a composite number?
True
Let c = 38815 + 192774. Is c a prime number?
True
Suppose -40 = -4*g - 4*d - 16, g + 4*d = 15. Suppose 5*v + 2*o + 17 = 1024, 0 = g*v - 5*o - 598. Is v a prime number?
False
Suppose 5*y - 6291 = r, 2538 = 2*y + 54*r - 49*r. Suppose -5*n - 5451 = -5*o + y, 5353 = 4*o - n. Is o a prime number?
False
Let j = 9714 + -19250. Is ((-37)/4)/(16/j) prime?
False
Let b = -4927 - -6170. Is b a prime number?
False
Let a(b) = 557*b - 59. Let l(r) = -r**3 - 14*r**2 + 52*r + 31. Let y be l(-17). Is a(y) composite?
True
Suppose 4*q = -4*c + 12, 4*c - 2*c + 4*q = 4. Suppose w + 1433 + 1436 = c*j, 2*j - 1436 = 2*w. Is j prime?
False
Let m(o) = 37*o**2 + 8*o - 28. Let w be m(-6). Let n = w + -819. Is n prime?
False
Let a = 27050 - -97551. Is a a prime number?
True
Let d be -38 + -15069 + -4 + -1. Is ((-115)/(-10) + -8)*d/(-14) a composite number?
True
Suppose -187*f + 31553636 = -7255139 - 20189912. Is f prime?
False
Suppose -k + 2 = n, -2*n - 4 = -2*k + 2*n. Suppose 2*o = -k*o. Is (1 + o - 0)/(1/907) prime?
True
Suppose -392 = -2*m + 392. Let q be (-105)/(-33) - -1 - (-54)/(-297). Suppose n + 3*n - m = -4*t, q*n - 198 = -2*t. Is t a composite number?
False
Is (-6)/(3/6*4)*(-11338453)/147 composite?
True
Let g = 41949 - 21935. Suppose -4*n = -21802 - g. Is n prime?
False
Is (14/(-77) - 821151/(-66))/(1/2) composite?
True
Let k = 44440 + -22973. Is k a composite number?
False
Let y = -811 - -811. Suppose -3*n + 17553 = 5*q + 6192, y = q. Is n prime?
False
Suppose 2*j = -5*v + 22273, -j - 4*v = -7*v - 11164. Is j a composite number?
False
Let m(y) = 226*y**3 - 12*y**2 - 17*y + 60. Is m(7) a composite number?
False
Suppose -17 - 19 = -6*v. Let a(m) = 0*m**3 - 1 + 0*m**2 - m**3 + 8*m**2 - 2. Is a(v) prime?
False
Let h(y) be the second derivative of -277*y**3/6 - 8*y**2 + 19*y. Let n be h(14). Let d = 8881 + n. Is d prime?
True
Suppose 0 = 8*n - 5049 - 6892 - 5955. Is n prime?
True
Suppose 157*r + 318*r = 20177249 + 294349701. Is r a prime number?
False
Let x(b) = 1045*b. Let p be x(-1). Let q be (56/(-70))/(2/p). Let n = q + -27. Is n a prime number?
False
Suppose -4*r = 2*m + 3394, 0 = -2*r - 3*m - m - 1688. Let i be -10 + 1544 - (0 + 4 + -1). Let g = r + i. Is g a composite number?
True
Is 18/(-36)*(-2 + -62264) a composite number?
True
Let l be 20/(-8)*(-1 - -3) - -8. Suppose l*m - 243 = -6. Is m prime?
True
Let v be 4/10 - 152/(-20). Suppose -866 = v*d - 35178. Is d a prime number?
True
Suppose -5*w + 15 = -40. Suppose w*a + 12 = 45. Suppose -x + 1172 = a*x. Is x composite?
False
Let k be -2 - ((-412)/24 + (-3)/(-18)). Is ((-85)/k - -6)*381 a prime number?
True
Let m = 170 - 165. Suppose -5455 = -5*i + m*u + 7170, -3*i = 2*u - 7555. Is i a prime number?
True
Suppose 3*f = -16*o + 12*o + 858057, 0 = 2*f - o - 572038. Is f prime?
True
Let p(v) be the second derivative of 61*v**3/2 + 17*v**2/2 + 13*v. Is p(6) a prime number?
False
Let u(s) = 130*s**3 - 29*s**2 - 10*s - 72. Let m(p) = -43*p**3 + 10*p**2 + 3*p + 25. Let h(l) = -17*m(l) - 6*u(l). Is h(-3) composite?
True
Let y(d) = d**2 - 31*d + 26. Let n be y(30). Let u be (-3)/2 + 1/2. Is (-10 - 5548)*(-2)/n*u prime?
False
Suppose -4*h + 4*p - 15 = -p, 3*h + p - 3 = 0. Let g be h*((-10)/(-50) - (-8)/(-15)). Let o(v) = -3*v**2 + 161. Is o(g) a composite number?
True
Let o be (-23 + 23)*1/(-4) - -1142. Suppose y - 4528 + o = 0. Is y a prime number?
False
Suppose 611368 = v + 5*j, -v + 444*j - 448*j = -611373. Is v a composite number?
False
Let w(a) = a**3 - a**2 + 3*a + 623. Suppose 3*p + 4*s = 8, 0 = 5*p - 6*p + s - 2. Suppose -g = -p*b - 4*b - 12, 2*g + b + 3 = 0. Is w(g) composite?
True
Let g(q) = -q - 7. Let h be g(-9). Suppose 3*c + h*r - 1362 = -c, 5*r = -25. Suppose 3*t - c = -4*z + 408, -3*t = 3*z - 756. Is t a composite number?
False
Let y(r) = 116*r - 1050. Let m be y(9). Suppose 4*h = 2*h + 8, 4*h = 5*j - 49. Let u = j - m. Is u prime?
True
Suppose -52*b = -7*b - 1357515. Suppose -4450 - b = -33*n. Is n prime?
True
Suppose -2*d - 4*y + 2250 = 0, -3*d = d - 3*y - 4467. Suppose 112*q = 115*q - d. Is q a composite number?
False
Let v be 6/(-21) + 336/147. Suppose -v*u - 5023 = -23081. Is u a prime number?
True
Suppose -n - 26333 = -5*o, -3*o - 3*n + 17910 = 2103. Let d = o - -684. Is d prime?
False
Is -11 - (-17 + 1808773)/(-2) composite?
True
Let y(g) = -161*g - 74. Let c be y(-16). Suppose 2*n + 4*a - 2506 = 0, -22*a + 24*a - c = -2*n. Is n a prime number?
True
Suppose -5*p + 6 = h, h + 6 = -p + 4. Let f be (h/6)/((-86)/(-18) + -5). Suppose 3*s + 4*g = 1897, 2*g - 5 + f = 0. Is s prime?
True
Let r(i) = 20310*i - 1031. Is r(5) composite?
False
Let z(g) = 56*g**3 - 3*g**2 - 37*g + 193. Is z(6) prime?
True
Suppose -48319 = -5*t + 27816. Is t a prime number?
True
Suppose 240009 = 3*x + f - 4*f, 3*x + 5*f = 240041. Is x prime?
False
Let y(t) = -t + 1. Let n be y(-9). Is -22394*((-5)/(-1) - 55/n) prime?
True
Let q(u) = 7*u**2 - 223*u + 209. Is q(-102) prime?
True
Let p(c) = -48 + 11605*c - 5 - 4762*c + 11. Is p(1) prime?
False
Let l(a) = -2*a + 32. Let u be l(18). Let n be ((-4)/(-6))/(u/18) + 0. Is n/(-2)*-2 + 632 prime?
False
Suppose 9 = 200*z - 197*z. Is (z/(-6))/((-6)/552564) a prime number?
False
Is -8 + (349957 - 7) - -13 composite?
Tr